 y(-50).
49
Let c(g) = 2*g**3 - 19*g**2 + 85*g - 686. Determine c(9).
-2
Let r(m) = 59*m + 1125. Give r(-19).
4
Let z(s) = 353*s - 19400. Calculate z(55).
15
Let t(w) = w**3 - 34*w**2 - 68*w - 78. Give t(36).
66
Let h(v) = -62*v**2 + 156*v + 104. What is h(3)?
14
Let m(l) = -74*l + 18508. Determine m(250).
8
Let r(u) = u**3 - 9*u**2 + 271*u - 1523. What is r(6)?
-5
Let q(s) = -11*s + 119. Calculate q(9).
20
Let a(d) = -97*d**2 + 6*d - 5. Calculate a(1).
-96
Let y(l) = 23*l**2 + 1516*l - 143. Give y(-66).
-11
Let a(h) = h**3 + 56*h**2 + 55*h - 3. Give a(-55).
-3
Let f(r) = -r**2 + 35*r - 15. What is f(35)?
-15
Let f(l) = -l**3 - 28*l**2 - 92*l + 3. Calculate f(-4).
-13
Let d(v) = 5*v**2 - 95*v - 3. Determine d(23).
457
Let p(y) = 34*y + 152. Calculate p(-6).
-52
Let t(g) = -2*g**3 + 21*g**2 - 253. Give t(9).
-10
Let v(u) = 3*u**2 + 7*u - 92. What is v(-7)?
6
Let y(v) = 90*v + 1426. Give y(-16).
-14
Let p(o) = 43*o**3 + 11*o**2 + 2*o - 2. What is p(-1)?
-36
Let z(r) = 14*r**2 - 94*r + 10. Calculate z(8).
154
Let h(s) = -5*s - 11. Give h(-1).
-6
Let o(c) = c**3 - 16*c**2 + 25*c - 148. Calculate o(15).
2
Let b(n) = -n + 20. What is b(-29)?
49
Let p(g) = -198*g + 3190. Give p(16).
22
Let o(p) = 16*p**2 - 77*p + 323. Determine o(4).
271
Let w(y) = 64*y**3 + 1985*y**2 + 31*y - 6. Determine w(-31).
-6
Let y(x) = -2*x**2 - 110*x - 11. Determine y(-53).
201
Let a(y) = -y**3 - y**2 + 11*y - 3. Calculate a(-4).
1
Let a(q) = -3*q**3 - 8*q**2 + 15*q + 6. Calculate a(0).
6
Let f(p) = -6170*p - 43186. Calculate f(-7).
4
Let x(u) = -13*u**3 - 45*u**2 - 21*u + 3. Give x(-3).
12
Let m(o) = -3*o**2 - 460*o + 317. Determine m(-154).
9
Let f(v) = -v**2 + 20*v - 158. Determine f(9).
-59
Let s(u) = 23*u + 28. Give s(10).
258
Let u(r) = -98*r + 303. Calculate u(3).
9
Let k(c) = -6*c**2 - 228*c - 631. What is k(-3)?
-1
Let u(h) = h**2 - 22*h + 4. Determine u(0).
4
Let c(v) = 8*v**2 + 169*v + 674. Give c(-15).
-61
Let x(a) = a + 50. Give x(26).
76
Let s(b) = -403*b - 7214. Give s(-18).
40
Let d(n) = 9*n**2 + 25*n + 90. What is d(-10)?
740
Let w(p) = 187*p**2 + p. Calculate w(-1).
186
Let x(s) = -5*s + 335. Determine x(68).
-5
Let b(r) = -176*r - 30285. Give b(-172).
-13
Let n(g) = g**3 + 10*g**2 + 223*g + 3398. Give n(-13).
-8
Let t(i) = i**2 + 150*i - 4179. Determine t(24).
-3
Let d(g) = g**2 - 105*g - 453. Determine d(-4).
-17
Let b(w) = 800*w - 20796. Calculate b(26).
4
Let l(d) = -31*d + 90. What is l(5)?
-65
Let y(z) = 12*z**2 + 92*z + 65. Calculate y(-7).
9
Let w(k) = -k**2 - 51*k - 245. Give w(-29).
393
Let q(m) = -122*m + 29. Determine q(2).
-215
Let o(u) = 490*u + 1981. Calculate o(-4).
21
Let c(n) = 21*n**3 + 40*n + 39. Determine c(-1).
-22
Let n(a) = -a**3 + 13*a**2 - 9*a + 53. Give n(8).
301
Let w(i) = 2*i**3 - 70*i**2 - 227*i - 32. Calculate w(38).
6
Let r(i) = i**3 + 11*i**2 - 36*i + 81. Calculate r(-14).
-3
Let f(o) = 6*o**3 - 2*o**2 - 6*o + 666. Give f(0).
666
Let p(l) = 30431*l - 182587. What is p(6)?
-1
Let c(w) = 61*w + 5864. What is c(-96)?
8
Let u(n) = -n**2 - 44*n - 516. Give u(-22).
-32
Let n(v) = v**3 + 18*v**2 + 30*v - 6. Determine n(-16).
26
Let n(s) = 77*s - 785. What is n(10)?
-15
Let g(m) = 114*m + 2364. Give g(-21).
-30
Let y(i) = i**3 + 2*i**2 - 6*i - 14. Give y(-6).
-122
Let b(h) = -1475*h - 10294. Calculate b(-7).
31
Let g(z) = -107*z - 981. What is g(-7)?
-232
Let d(n) = -13*n**2 - 1925*n - 158. What is d(-148)?
-10
Let i(y) = -2*y**3 - 13*y**2 + 6*y + 3. Calculate i(-7).
10
Let n(r) = -r**3 + 58*r**2 - 751*r + 212. Give n(19).
22
Let j(y) = y**3 - 5*y**2 - 16*y - 7. Calculate j(-4).
-87
Let m(n) = 4*n - 104. Calculate m(26).
0
Let d(g) = -g**3 - 27*g**2 - 57*g + 44. What is d(-25)?
219
Let m(v) = v**3 + 25*v**2 - 48*v + 211. Determine m(-27).
49
Let v(u) = -16*u + 793. What is v(33)?
265
Let k(m) = 2*m**3 + 46*m**2 - 261*m - 16. Calculate k(5).
79
Let v(u) = 36*u**2 + 72*u + 3. Calculate v(-6).
867
Let u(d) = -d**3 - 9*d**2 + d + 12. What is u(-11)?
243
Let p(y) = -5*y**2 - 37*y - 31. Calculate p(-9).
-103
Let b(f) = f**2 - 4*f - 200. Give b(-12).
-8
Let c(u) = 37*u + 330. Calculate c(-9).
-3
Let g(a) = 2*a**3 - 17*a**2 + 28*a - 5. Determine g(6).
-17
Let f(x) = 20*x + 386. Calculate f(-16).
66
Let o(n) = -n**3 + 28*n**2 - 30*n - 135. Calculate o(27).
-216
Let h(d) = -d**2 + 9*d + 198. Determine h(-10).
8
Let c(o) = -3393*o + 57676. What is c(17)?
-5
Let g(o) = -49*o - 2508. Determine g(-52).
40
Let w(o) = -o**3 + 2*o**2 + 102*o - 27. Determine w(11).
6
Let b(a) = 24*a**2 - 167*a - 10. Calculate b(6).
-148
Let a(d) = d**3 + 11*d**2 + 13*d + 74. Calculate a(-11).
-69
Let z(r) = 112*r + 3094. What is z(-29)?
-154
Let k(b) = -2*b**3 + 54*b**2 - 6*b - 25. Give k(27).
-187
Let d(z) = -z**3 + 6*z**2 - 10*z + 3. What is d(2)?
-1
Let s(n) = -n**2 + 20*n - 20. What is s(7)?
71
Let t(m) = -31*m - 63. What is t(-2)?
-1
Let p(y) = -y**2 + 663*y + 4682. Calculate p(-7).
-8
Let p(m) = 841*m + 32794. What is p(-39)?
-5
Let c(j) = -2*j**2 + 94*j + 71. Give c(48).
-25
Let a(n) = -11*n - 10. Calculate a(2).
-32
Let v(t) = 49*t - 234. Calculate v(5).
11
Let h(m) = m**3 - 14*m**2 - 35*m + 58. Determine h(16).
10
Let w(a) = 2*a**2 - 56*a + 570. Calculate w(18).
210
Let i(p) = 38*p - 3042. Determine i(80).
-2
Let l(m) = -m**2 + 380*m + 4700. Determine l(-12).
-4
Let y(o) = -o**2 + 99*o + 5733. Calculate y(-41).
-7
Let m(s) = -s**3 - 32*s**2 + 9*s + 460. Give m(0).
460
Let h(u) = u**3 + u**2 - 243*u - 23. Give h(-16).
25
Let o(d) = -11*d - 87. Calculate o(-2).
-65
Let o(j) = -2*j**3 + 39*j**2 + 122*j + 107. Determine o(22).
371
Let j(w) = -21*w**3 + 13*w**2 + 5*w - 5. Calculate j(1).
-8
Let z(q) = q**3 - 3*q**2 - 10*q + 35. What is z(6)?
83
Let n(r) = -3*r**2 + 132*r - 138. What is n(43)?
-9
Let w(z) = -13*z**2 - 17*z - 32. What is w(-4)?
-172
Let y(f) = -f**2 - 3*f + 1254. Determine y(34).
-4
Let w(v) = -9*v**2 - 849*v - 296. Determine w(-94).
-14
Let n(y) = 13542*y + 67710. Calculate n(-5).
0
Let j(i) = -120*i - 10570. What is j(-88)?
-10
Let i(y) = 28*y + 217. What is i(-10)?
-63
Let x(i) = 48*i + 2011. Give x(-42).
-5
Let c(a) = a**3 + 10*a**2 - 553*a - 61. Determine c(-29).
-3
Let t(l) = -l**3 - 13*l**2 + 233*l - 5. Calculate t(11).
-346
Let t(b) = -44*b + 84. Determine t(-8).
436
Let c(q) = 2207*q - 81663. Determine c(37).
-4
Let b(s) = -5*s - 289. Give b(-42).
-79
Let m(r) = -1644*r + 8188. What is m(5)?
-32
Let n(c) = -8*c**2 - 54*c - 84. Determine n(-10).
-344
Let k(l) = l**3 - 63*l**2 + 140*l - 1096. Give k(61).
2
Let d(m) = -2*m**3 - 8*m**2 + 43*m + 17. Calculate d(-7).
10
Let y(q) = 2*q**2 + 69*q + 96. Determine y(-32).
-64
Let g(b) = 2*b**3 - 34*b**2 + 58*b + 29. Determine g(15).
-1
Let d(f) = -f**3 - 63*f**2 - 750*f + 22. What is d(-16)?
-10
Let m(x) = 39*x - 180. Determine m(-13).
-687
Let n(u) = -16*u**2 - 7*u + 10. What is n(3)?
-155
Let w(k) = -10*k**3 - 5*k + 1. Calculate w(3).
-284
Let a(s) = 42*s**2 - 8*s + 2. Give a(1).
36
Let o(w) = -2*w**2 - 182*w + 18514. What is o(-152)?
-30
Let g(p) = 78*p - 124. Determine g(5).
266
Let s(x) = -660*x + 8500. Determine s(13).
-80
Let f(s) = 6*s**2 + 10*s - 50. What is f(5)?
150
Let g(a) = 256*a + 1794. Determine g(-7).
2
Let n(g) = -g**3 + g**2 - 9*g + 4. What is n(5)?
-141
Let d(y) = 10*y - 1412. Determine d(141).
-2
Let n(u) = -480*u**2 - 1432*u + 5. Give n(-3).
-19
Let s(h) = -h - 27. Determine s(13).
-40
Let f(r) = 37*r**2 + 200*r - 120. Determine f(-6).
12
Let z(b) = 4*b**2 - 82*b + 9. Determine z(0).
9
Let q(w) = w**3 - 16*w**2 + 19*w + 30. Calculate q(12).
-318
Let z(h) = -90*h - 3229. Calculate z(-36).
11
Let z(s) = -3*s**2 + 10*s + 494. Give z(-18).
-658
Let s(m) = 2*m**3 + 289*m**2 + 426*m - 428. What is s(-143)?
1
Let z(h) = -129*h + 91. Determine z(-6).
865
Let t(r) = -r**3 + 54*r**2 + 53*r + 116. Determine t(55).
6
Let w(q) = -92*q - 11370. What is w(-123)?
-54
Let f(a) = -11*a**2 + 583*a - 2. What is f(53)?
-2
Let u(k) = 104*k - 3333. Determine u(32).
-5
Let f(v) = -2*v**3 + 316*v**2 + 23*v - 3669. What is f(158)?
-35
Let m(c) = 107*c**2 - 12*c + 1. Determine m(1).
96
Let s(p) = -5*p**3 + 4*p**2 + 5*p - 11. Give s(1).
-7
Let m(a) = 160*a**2 + 15*a - 10. What is m(1)?
165
Let m(j) = 2*j**3 + 140*j**2 - 138*j + 428. Calculate m(-71).
144
Let b(x) = -2*x**2 - 538*x - 2639. Give b(-5)